{"id":1484,"date":"2020-05-06T13:13:07","date_gmt":"2020-05-06T11:13:07","guid":{"rendered":"https:\/\/www.monteabellon.com\/news\/"},"modified":"2020-05-06T13:13:08","modified_gmt":"2020-05-06T11:13:08","slug":"news","status":"publish","type":"page","link":"https:\/\/www.monteabellon.com\/en\/comunication\/news\/","title":{"rendered":"News"},"content":{"rendered":"[vc_row type=&#8221;in_container&#8221; full_screen_row_position=&#8221;middle&#8221; scene_position=&#8221;center&#8221; text_color=&#8221;dark&#8221; text_align=&#8221;left&#8221; overlay_strength=&#8221;0.3&#8243; shape_divider_position=&#8221;bottom&#8221; bg_image_animation=&#8221;none&#8221;][vc_column column_padding=&#8221;no-extra-padding&#8221; column_padding_position=&#8221;all&#8221; background_color_opacity=&#8221;1&#8243; background_hover_color_opacity=&#8221;1&#8243; column_link_target=&#8221;_self&#8221; column_shadow=&#8221;none&#8221; column_border_radius=&#8221;none&#8221; width=&#8221;1\/1&#8243; tablet_width_inherit=&#8221;default&#8221; tablet_text_alignment=&#8221;default&#8221; phone_text_alignment=&#8221;default&#8221; column_border_width=&#8221;none&#8221; column_border_style=&#8221;solid&#8221; bg_image_animation=&#8221;none&#8221;][vc_column_text]\n<h2>News<\/h2>\n[\/vc_column_text]\t\n\t<div class=\"row\">\n\t\n\t <div class=\"post-area col featured_img_left span_12 col_last    \" data-ams=\"\" data-remove-post-date=\"\" data-remove-post-author=\"1\" data-remove-post-comment-number=\"1\" data-remove-post-nectar-love=\"\"> <div class=\"posts-container\" data-load-animation=\"none\">\t\t\t\t\n\t\t\t\t\n<article id=\"post-1490\" class=\"regular post-1490 post type-post status-publish format-standard has-post-thumbnail category-noticia-en\">\n\n\t<div class=\"inner-wrap animated\">\n\n\t\t<div class=\"post-content\">\n\t\t\t\n\t\t\t\t\t\t\t  \n\n\t\t\t\t\t <div class=\"article-content-wrap\">\n\t\t\t\t\t\t\n\t\t\t\t\t\t<div class=\"post-featured-img-wrap\"> \n\t\t\t\t\t\t\t\n\t\t\t\t\t\t\t\t\t\t\t\t\t\t\t<img decoding=\"async\" src=\"https:\/\/www.monteabellon.com\/wp-content\/uploads\/2019\/12\/noticia_octubre-900x600.jpg\">\n\t\t\t\t\t\t\t\t\t\t\t\t\t\t\t\n\t\t\t\t\t\t<\/div>\n\t\t\t\t\t\t\n\t\t\t\t\t\t<div class=\"post-content-wrap\"> \n\t\t\t\t\t\t\t\t\t\t\t\t\t\t\n\t\t\t\t\t\t\t<span class=\"meta-category\"><a class=\"noticia-en\" href=\"https:\/\/www.monteabellon.com\/en\/category\/noticia-en\/\">Noticia<\/a><\/span>\t\t\t\t\t\t\t<span class=\"date\">May 2020<\/span>\n\t\t\t\t\t\t\t\t\t\t\t\t\t\t\t\t<div class=\"post-header\">\n\n\t\t\t\t\t\t\t\t<h3 class=\"title\">\n\t\t\t\t\t\t\t\t\tLas puntuaciones en la Gu\u00eda Pe\u00f1\u00edn 2020 nos llevan al XX Sal\u00f3n de los Mejores Vinos de Espa\u00f1a\t\t\t\t\t\t\t\t<\/h3>\n\n\t\t\t\t\t\t\t<\/div><!--\/post-header-->\n\t\t\t\t\t\t\t<div class=\"excerpt\">Los d\u00edas 28 y 29 de octubre, Gu\u00eda Pe\u00f1\u00edn celebra el XX Sal\u00f3n de los&hellip;<\/div>\n\t\t\t\t\t\t\t<div class=\"button read_more\">\n\t\t\t\t\t\t\t\t<a href=\"https:\/\/www.monteabellon.com\/en\/las-puntuaciones-en-la-guia-penin-2020-nos-llevan-al-xx-salon-de-los-mejores-vinos-de-espana\/\">Read more<\/a>\t\t\t\t\t\t\t<\/div>\n\n\t\t\t\t\t<\/div><!--post-content-wrap-->\n\n\t\t\t\t\t<\/div><!--article-content-wrap-->\n\n\t\t\t\t\t\t\t\t\n\t\t<\/div><!--\/post-content-->\n\n\t<\/div><!--\/inner-wrap-->\n\t\t\n<\/article><!--\/article-->\n\t\t\t\t\n\t\t\t\t\n<article id=\"post-1488\" class=\"regular post-1488 post type-post status-publish format-standard has-post-thumbnail category-noticia-en\">\n\n\t<div class=\"inner-wrap animated\">\n\n\t\t<div class=\"post-content\">\n\t\t\t\n\t\t\t\t\t\t\t  \n\n\t\t\t\t\t <div class=\"article-content-wrap\">\n\t\t\t\t\t\t\n\t\t\t\t\t\t<div class=\"post-featured-img-wrap\"> \n\t\t\t\t\t\t\t\n\t\t\t\t\t\t\t\t\t\t\t\t\t\t\t<img decoding=\"async\" src=\"https:\/\/www.monteabellon.com\/wp-content\/uploads\/2020\/01\/noticia_noviembre-900x600.png\">\n\t\t\t\t\t\t\t\t\t\t\t\t\t\t\t\n\t\t\t\t\t\t<\/div>\n\t\t\t\t\t\t\n\t\t\t\t\t\t<div class=\"post-content-wrap\"> \n\t\t\t\t\t\t\t\t\t\t\t\t\t\t\n\t\t\t\t\t\t\t<span class=\"meta-category\"><a class=\"noticia-en\" href=\"https:\/\/www.monteabellon.com\/en\/category\/noticia-en\/\">Noticia<\/a><\/span>\t\t\t\t\t\t\t<span class=\"date\">May 2020<\/span>\n\t\t\t\t\t\t\t\t\t\t\t\t\t\t\t\t<div class=\"post-header\">\n\n\t\t\t\t\t\t\t\t<h3 class=\"title\">\n\t\t\t\t\t\t\t\t\tCONCURSO SOLIDARIO FOTOGR\u00c1FICO  &#8220;TODOS GANAN&#8221;  Queremos que nos ayudes a ayudar\t\t\t\t\t\t\t\t<\/h3>\n\n\t\t\t\t\t\t\t<\/div><!--\/post-header-->\n\t\t\t\t\t\t\t<div class=\"excerpt\">Todos Ganan, es una campa\u00f1a solidaria navide\u00f1a que llevamos realizando varios a\u00f1os en beneficio de&hellip;<\/div>\n\t\t\t\t\t\t\t<div class=\"button read_more\">\n\t\t\t\t\t\t\t\t<a href=\"https:\/\/www.monteabellon.com\/en\/concurso-solidario-fotografico-todos-ganan-queremos-que-nos-ayudes-a-ayudar\/\">Read more<\/a>\t\t\t\t\t\t\t<\/div>\n\n\t\t\t\t\t<\/div><!--post-content-wrap-->\n\n\t\t\t\t\t<\/div><!--article-content-wrap-->\n\n\t\t\t\t\t\t\t\t\n\t\t<\/div><!--\/post-content-->\n\n\t<\/div><!--\/inner-wrap-->\n\t\t\n<\/article><!--\/article-->\n\t\t\t\t\n\t\t\t\t\n<article id=\"post-1487\" class=\"regular post-1487 post type-post status-publish format-standard has-post-thumbnail category-noticia-en\">\n\n\t<div class=\"inner-wrap animated\">\n\n\t\t<div class=\"post-content\">\n\t\t\t\n\t\t\t\t\t\t\t  \n\n\t\t\t\t\t <div class=\"article-content-wrap\">\n\t\t\t\t\t\t\n\t\t\t\t\t\t<div class=\"post-featured-img-wrap\"> \n\t\t\t\t\t\t\t\n\t\t\t\t\t\t\t\t\t\t\t\t\t\t\t<img decoding=\"async\" src=\"https:\/\/www.monteabellon.com\/wp-content\/uploads\/2020\/02\/IMG_9156-900x600.jpg\">\n\t\t\t\t\t\t\t\t\t\t\t\t\t\t\t\n\t\t\t\t\t\t<\/div>\n\t\t\t\t\t\t\n\t\t\t\t\t\t<div class=\"post-content-wrap\"> \n\t\t\t\t\t\t\t\t\t\t\t\t\t\t\n\t\t\t\t\t\t\t<span class=\"meta-category\"><a class=\"noticia-en\" href=\"https:\/\/www.monteabellon.com\/en\/category\/noticia-en\/\">Noticia<\/a><\/span>\t\t\t\t\t\t\t<span class=\"date\">May 2020<\/span>\n\t\t\t\t\t\t\t\t\t\t\t\t\t\t\t\t<div class=\"post-header\">\n\n\t\t\t\t\t\t\t\t<h3 class=\"title\">\n\t\t\t\t\t\t\t\t\tFinca Matambres entre los 50 mejores vinos de Espa\u00f1a\t\t\t\t\t\t\t\t<\/h3>\n\n\t\t\t\t\t\t\t<\/div><!--\/post-header-->\n\t\t\t\t\t\t\t<div class=\"excerpt\">Recientemente la revista Planeta Vino, en su n\u00famero 89 correspondiente a los meses de febrero-marzo&hellip;<\/div>\n\t\t\t\t\t\t\t<div class=\"button read_more\">\n\t\t\t\t\t\t\t\t<a href=\"https:\/\/www.monteabellon.com\/en\/finca-matambres-entre-los-50-mejores-vinos-de-espana\/\">Read more<\/a>\t\t\t\t\t\t\t<\/div>\n\n\t\t\t\t\t<\/div><!--post-content-wrap-->\n\n\t\t\t\t\t<\/div><!--article-content-wrap-->\n\n\t\t\t\t\t\t\t\t\n\t\t<\/div><!--\/post-content-->\n\n\t<\/div><!--\/inner-wrap-->\n\t\t\n<\/article><!--\/article-->\n\t\t\t\t\n\t\t\t\t\n<article id=\"post-1486\" class=\"regular post-1486 post type-post status-publish format-standard has-post-thumbnail category-noticia-en\">\n\n\t<div class=\"inner-wrap animated\">\n\n\t\t<div class=\"post-content\">\n\t\t\t\n\t\t\t\t\t\t\t  \n\n\t\t\t\t\t <div class=\"article-content-wrap\">\n\t\t\t\t\t\t\n\t\t\t\t\t\t<div class=\"post-featured-img-wrap\"> \n\t\t\t\t\t\t\t\n\t\t\t\t\t\t\t\t\t\t\t\t\t\t\t<img decoding=\"async\" src=\"https:\/\/www.monteabellon.com\/wp-content\/uploads\/2020\/02\/REVISTA-MIA-900x600.jpg\">\n\t\t\t\t\t\t\t\t\t\t\t\t\t\t\t\n\t\t\t\t\t\t<\/div>\n\t\t\t\t\t\t\n\t\t\t\t\t\t<div class=\"post-content-wrap\"> \n\t\t\t\t\t\t\t\t\t\t\t\t\t\t\n\t\t\t\t\t\t\t<span class=\"meta-category\"><a class=\"noticia-en\" href=\"https:\/\/www.monteabellon.com\/en\/category\/noticia-en\/\">Noticia<\/a><\/span>\t\t\t\t\t\t\t<span class=\"date\">May 2020<\/span>\n\t\t\t\t\t\t\t\t\t\t\t\t\t\t\t\t<div class=\"post-header\">\n\n\t\t\t\t\t\t\t\t<h3 class=\"title\">\n\t\t\t\t\t\t\t\t\tAVANIEL, EL JOVEN DE LA FAMILIA\t\t\t\t\t\t\t\t<\/h3>\n\n\t\t\t\t\t\t\t<\/div><!--\/post-header-->\n\t\t\t\t\t\t\t<div class=\"excerpt\">Cuando quieres darte un peque\u00f1o homenaje y entonar el cuerpo con un plato muy nuestro&hellip;<\/div>\n\t\t\t\t\t\t\t<div class=\"button read_more\">\n\t\t\t\t\t\t\t\t<a href=\"https:\/\/www.monteabellon.com\/en\/avaniel-el-joven-de-la-familia\/\">Read more<\/a>\t\t\t\t\t\t\t<\/div>\n\n\t\t\t\t\t<\/div><!--post-content-wrap-->\n\n\t\t\t\t\t<\/div><!--article-content-wrap-->\n\n\t\t\t\t\t\t\t\t\n\t\t<\/div><!--\/post-content-->\n\n\t<\/div><!--\/inner-wrap-->\n\t\t\n<\/article><!--\/article-->\n\t\t\t\n\t\t\t<\/div><!--\/posts container-->\n\t\t\t\n\t\t\t\t\t\n  <\/div><!--\/post area-->\n  \n  \t\t\n\t\n\t<\/div>\n\t\n\t[\/vc_column][\/vc_row]\n","protected":false},"excerpt":{"rendered":"<p>[vc_row type=&#8221;in_container&#8221; full_screen_row_position=&#8221;middle&#8221; scene_position=&#8221;center&#8221; text_color=&#8221;dark&#8221; text_align=&#8221;left&#8221; overlay_strength=&#8221;0.3&#8243; shape_divider_position=&#8221;bottom&#8221; bg_image_animation=&#8221;none&#8221;][vc_column column_padding=&#8221;no-extra-padding&#8221; column_padding_position=&#8221;all&#8221; background_color_opacity=&#8221;1&#8243; background_hover_color_opacity=&#8221;1&#8243; column_link_target=&#8221;_self&#8221; column_shadow=&#8221;none&#8221; column_border_radius=&#8221;none&#8221; width=&#8221;1\/1&#8243; tablet_width_inherit=&#8221;default&#8221; tablet_text_alignment=&#8221;default&#8221; phone_text_alignment=&#8221;default&#8221; column_border_width=&#8221;none&#8221; column_border_style=&#8221;solid&#8221; bg_image_animation=&#8221;none&#8221;][vc_column_text] News [\/vc_column_text][\/vc_column][\/vc_row]<\/p>\n","protected":false},"author":331,"featured_media":0,"parent":1760,"menu_order":0,"comment_status":"closed","ping_status":"closed","template":"","meta":{"footnotes":""},"class_list":["post-1484","page","type-page","status-publish"],"_links":{"self":[{"href":"https:\/\/www.monteabellon.com\/en\/wp-json\/wp\/v2\/pages\/1484","targetHints":{"allow":["GET"]}}],"collection":[{"href":"https:\/\/www.monteabellon.com\/en\/wp-json\/wp\/v2\/pages"}],"about":[{"href":"https:\/\/www.monteabellon.com\/en\/wp-json\/wp\/v2\/types\/page"}],"author":[{"embeddable":true,"href":"https:\/\/www.monteabellon.com\/en\/wp-json\/wp\/v2\/users\/331"}],"replies":[{"embeddable":true,"href":"https:\/\/www.monteabellon.com\/en\/wp-json\/wp\/v2\/comments?post=1484"}],"version-history":[{"count":1,"href":"https:\/\/www.monteabellon.com\/en\/wp-json\/wp\/v2\/pages\/1484\/revisions"}],"predecessor-version":[{"id":1485,"href":"https:\/\/www.monteabellon.com\/en\/wp-json\/wp\/v2\/pages\/1484\/revisions\/1485"}],"up":[{"embeddable":true,"href":"https:\/\/www.monteabellon.com\/en\/wp-json\/wp\/v2\/pages\/1760"}],"wp:attachment":[{"href":"https:\/\/www.monteabellon.com\/en\/wp-json\/wp\/v2\/media?parent=1484"}],"curies":[{"name":"wp","href":"https:\/\/api.w.org\/{rel}","templated":true}]}}

[vc_row type=&#8221;in_container&#8221; full_screen_row_position=&#8221;middle&#8221; scene_position=&#8221;center&#8221; text_color=&#8221;dark&#8221; text_align=&#8221;left&#8221; overlay_strength=&#8221;0.3&#8243; shape_divider_position=&#8221;bottom&#8221; bg_image_animation=&#8221;none&#8221;][vc_column column_padding=&#8221;no-extra-padding&#8221; column_padding_position=&#8221;all&#8221; background_color_opacity=&#8221;1&#8243; background_hover_color_opacity=&#8221;1&#8243; column_link_target=&#8221;_self&#8221; column_shadow=&#8221;none&#8221; column_border_radius=&#8221;none&#8221; width=&#8221;1/1&#8243; tablet_width_inherit=&#8221;default&#8221; tablet_text_alignment=&#8221;default&#8221; phone_text_alignment=&#8221;default&#8221; column_border_width=&#8221;none&#8221; column_border_style=&#8221;solid&#8221; bg_image_animation=&#8221;none&#8221;][vc_column_text]
<h2>News</h2>
[/vc_column_text]	
	<div class="row">
	
	 <div class="post-area col featured_img_left span_12 col_last    " data-ams="" data-remove-post-date="" data-remove-post-author="1" data-remove-post-comment-number="1" data-remove-post-nectar-love=""> <div class="posts-container" data-load-animation="none">				
				
<article id="post-1490" class="regular post-1490 post type-post status-publish format-standard has-post-thumbnail category-noticia-en">

	<div class="inner-wrap animated">

		<div class="post-content">
			
							  

					 <div class="article-content-wrap">
						
						<div class="post-featured-img-wrap"> 
							
															<img decoding="async" src="https://www.monteabellon.com/wp-content/uploads/2019/12/noticia_octubre-900x600.jpg">
															
						</div>
						
						<div class="post-content-wrap"> 
														
							<span class="meta-category"><a class="noticia-en" href="https://www.monteabellon.com/en/category/noticia-en/">Noticia</a></span>							<span class="date">May 2020</span>
																<div class="post-header">

								<h3 class="title">
									Las puntuaciones en la Guía Peñín 2020 nos llevan al XX Salón de los Mejores Vinos de España								</h3>

							</div><!--/post-header-->
							<div class="excerpt">Los días 28 y 29 de octubre, Guía Peñín celebra el XX Salón de los&hellip;</div>
							<div class="button read_more">
								<a href="https://www.monteabellon.com/en/las-puntuaciones-en-la-guia-penin-2020-nos-llevan-al-xx-salon-de-los-mejores-vinos-de-espana/">Read more</a>							</div>

					</div><!--post-content-wrap-->

					</div><!--article-content-wrap-->

								
		</div><!--/post-content-->

	</div><!--/inner-wrap-->
		
</article><!--/article-->
				
				
<article id="post-1488" class="regular post-1488 post type-post status-publish format-standard has-post-thumbnail category-noticia-en">

	<div class="inner-wrap animated">

		<div class="post-content">
			
							  

					 <div class="article-content-wrap">
						
						<div class="post-featured-img-wrap"> 
							
															<img decoding="async" src="https://www.monteabellon.com/wp-content/uploads/2020/01/noticia_noviembre-900x600.png">
															
						</div>
						
						<div class="post-content-wrap"> 
														
							<span class="meta-category"><a class="noticia-en" href="https://www.monteabellon.com/en/category/noticia-en/">Noticia</a></span>							<span class="date">May 2020</span>
																<div class="post-header">

								<h3 class="title">
									CONCURSO SOLIDARIO FOTOGRÁFICO  &#8220;TODOS GANAN&#8221;  Queremos que nos ayudes a ayudar								</h3>

							</div><!--/post-header-->
							<div class="excerpt">Todos Ganan, es una campaña solidaria navideña que llevamos realizando varios años en beneficio de&hellip;</div>
							<div class="button read_more">
								<a href="https://www.monteabellon.com/en/concurso-solidario-fotografico-todos-ganan-queremos-que-nos-ayudes-a-ayudar/">Read more</a>							</div>

					</div><!--post-content-wrap-->

					</div><!--article-content-wrap-->

								
		</div><!--/post-content-->

	</div><!--/inner-wrap-->
		
</article><!--/article-->
				
				
<article id="post-1487" class="regular post-1487 post type-post status-publish format-standard has-post-thumbnail category-noticia-en">

	<div class="inner-wrap animated">

		<div class="post-content">
			
							  

					 <div class="article-content-wrap">
						
						<div class="post-featured-img-wrap"> 
							
															<img decoding="async" src="https://www.monteabellon.com/wp-content/uploads/2020/02/IMG_9156-900x600.jpg">
															
						</div>
						
						<div class="post-content-wrap"> 
														
							<span class="meta-category"><a class="noticia-en" href="https://www.monteabellon.com/en/category/noticia-en/">Noticia</a></span>							<span class="date">May 2020</span>
																<div class="post-header">

								<h3 class="title">
									Finca Matambres entre los 50 mejores vinos de España								</h3>

							</div><!--/post-header-->
							<div class="excerpt">Recientemente la revista Planeta Vino, en su número 89 correspondiente a los meses de febrero-marzo&hellip;</div>
							<div class="button read_more">
								<a href="https://www.monteabellon.com/en/finca-matambres-entre-los-50-mejores-vinos-de-espana/">Read more</a>							</div>

					</div><!--post-content-wrap-->

					</div><!--article-content-wrap-->

								
		</div><!--/post-content-->

	</div><!--/inner-wrap-->
		
</article><!--/article-->
				
				
<article id="post-1486" class="regular post-1486 post type-post status-publish format-standard has-post-thumbnail category-noticia-en">

	<div class="inner-wrap animated">

		<div class="post-content">
			
							  

					 <div class="article-content-wrap">
						
						<div class="post-featured-img-wrap"> 
							
															<img decoding="async" src="https://www.monteabellon.com/wp-content/uploads/2020/02/REVISTA-MIA-900x600.jpg">
															
						</div>
						
						<div class="post-content-wrap"> 
														
							<span class="meta-category"><a class="noticia-en" href="https://www.monteabellon.com/en/category/noticia-en/">Noticia</a></span>							<span class="date">May 2020</span>
																<div class="post-header">

								<h3 class="title">
									AVANIEL, EL JOVEN DE LA FAMILIA								</h3>

							</div><!--/post-header-->
							<div class="excerpt">Cuando quieres darte un pequeño homenaje y entonar el cuerpo con un plato muy nuestro&hellip;</div>
							<div class="button read_more">
								<a href="https://www.monteabellon.com/en/avaniel-el-joven-de-la-familia/">Read more</a>							</div>

					</div><!--post-content-wrap-->

					</div><!--article-content-wrap-->

								
		</div><!--/post-content-->

	</div><!--/inner-wrap-->
		
</article><!--/article-->
			
			</div><!--/posts container-->
			
					
  </div><!--/post area-->
  
  		
	
	</div>
	
	[/vc_column][/vc_row]
